ative of -w**7/2520 - w**6/360 - w**5/60 - w**3/2 - 6*w**2 - 4. Let t(v) be the third derivative of o(v). Give t(-6).
10
Let j = 2925/2 + -1462. Let x(c) be the first derivative of -16 + j*c**2 + 10*c. Determine x(-9).
1
Let p(t) = -4*t. Let z(m) = 8*m - 1. Let g(o) = 7*p(o) + 3*z(o). Calculate g(6).
-27
Suppose 4*n - 5*z + 2 = -5, z + 5 = 4*n. Let l(p) = p + 4. Let m(j) = -10*j - 35. Let v = 580 - 576. Let i(d) = v*m(d) + 35*l(d). Calculate i(n).
-10
Let i = 45 + -54. Let p be (-5 - -10)*i/(-5). Let a(k) = -6*k**2 + 7*k**2 + p*k - 3*k + 6. What is a(-6)?
6
Let s(j) = -j**2 - 6*j + 10. Let t be s(-7). Let d be ((-17)/(-5))/((-60)/(-3300)). Let g(c) = 180 + 9*c - d + c**3 + t*c**2 + 8*c**2. Calculate g(-10).
3
Let f(j) = -2*j. Let l be f(1). Let y be ((-6)/l)/(-3) - -5. Let s(b) be the third derivative of b**4/12 + b**3/2 - 751*b**2 - 1. What is s(y)?
11
Let d(m) = 6*m - 17. Let k(c) = 5*c - 16. Let u(t) = -2*d(t) + 3*k(t). Let r be u(7). Let w(o) = -11*o + o + 4*o**2 - 3*o**2 + r. Give w(8).
-9
Let r(s) be the second derivative of -s**5/20 - 2*s**4/3 - 5*s**3/3 - 5*s**2 - 2*s. Let q(m) = m**3 - 72*m**2 + 74*m - 220. Let c be q(71). Calculate r(c).
11
Suppose -289*x - 2184 = -16*x. Let s(m) = 14*m + 38. Give s(x).
-74
Let j(d) be the third derivative of -d**5/30 - 3*d**4/8 - d**3/3 - 392*d**2. What is j(-1)?
5
Let k(b) be the third derivative of -b**6/120 + b**5/30 + b**4/24 + 2*b**3/3 + 20*b**2. Let p be k(5). Let c = -61 - p. Let v(g) = -g + 7. Calculate v(c).
2
Let m(g) be the third derivative of g**4/12 - 4*g**3 - 6*g**2 - 13. Determine m(11).
-2
Let i(r) = -34*r**3 + 129 - 16*r**2 - 125 + 35*r**3. Give i(16).
4
Let w(p) = 6*p + 1. Let o(h) be the second derivative of h**4/12 - 5*h**3/6 + 4*h**2 - h - 15. Let l be o(3). Give w(l).
13
Let u(s) = 16 + 236*s - 102*s - 132*s. Calculate u(3).
22
Suppose -5*z = -6*b + 10*b - 75, 3*b = -4*z + 59. Let t(r) = -46 + 21 - 2*r + 21 + r + z. Calculate t(7).
0
Let b(v) = 8*v + 8. Let l be (-32)/24*9/(-4). Let a(h) = -5*h - 7. Let y(k) = l*b(k) + 4*a(k). Determine y(4).
12
Let x(d) be the first derivative of d**4/4 - 5*d**3/3 + 5*d**2/2 - 14*d - 348. What is x(5)?
11
Let t(f) be the third derivative of f**6/120 + 7*f**5/30 + 13*f**4/24 - f**3/6 - 13*f**2. Suppose -4*g - 44 = 4*y, 71 = -5*g + 4045*y - 4042*y. Calculate t(g).
-1
Let s(b) = -b**2 - 3*b + 2. Let i(f) = 7*f**2 + 2*f + 2. Let o be i(-1). Let q be -1 + 0 + 0 - 90. Let l be (o + q/14)*8/2. Give s(l).
-8
Let j(u) be the first derivative of u**5/20 + u**4/24 + u**2 + 12*u + 20. Let w(a) be the second derivative of j(a). Give w(-1).
2
Let n(g) = -g + 9. Let d(p) = -4*p + 29. Let q(t) = -6*d(t) + 17*n(t). Let y(f) = 30*f - 86. Let o(b) = -9*q(b) + 2*y(b). Determine o(7).
-4
Let m(j) = 3*j**2 - 17*j + 4. Let f be ((-6)/(-4))/(-4 - ((-21)/70 - 4)). Give m(f).
-6
Let s(i) = -18*i + 24*i**2 - 39 + 18*i**2 + 24*i**2 - 52*i**2 - 9*i**2. Give s(5).
-4
Let i(v) = v**3 + 5*v**2 + 4*v + 4. Let x(g) be the first derivative of -g**3/3 - g + 61. Let b(q) = i(q) - 2*x(q). Determine b(-4).
38
Let w(y) be the third derivative of y**6/120 - 17*y**5/60 + 17*y**4/24 - 5*y**3/3 - 3*y**2 + 1. Let d be 60/9 - -9 - (-2)/6. Determine w(d).
6
Let t = -43 - -33. Let i be (-9)/90 + ((-987)/t)/7. Let g(b) = b - 17. Give g(i).
-3
Let j = -10 + 36. Let g be 39/j*(-4)/(-3). Let b(q) = q**2 - 3*q + 2. Give b(g).
0
Let b be (-126)/(-28)*(-4 - (51/(-9) + 3)). Let r(u) = u**3 + 4*u**2 - 8*u + 20. Give r(b).
-4
Let x(z) = z**3 - 3*z**2 + 3*z - 1. Let n be 2/(-24) - (-650)/312. Suppose 47*q = 46*q + n. Give x(q).
1
Let p(n) be the third derivative of n**4/12 + n**3/6 - 3*n**2. Let k(s) = 4*s**3 + 6*s**2 + 11*s + 25. Let t be k(-2). Calculate p(t).
-9
Suppose 0*f = 2*f + 12. Let r(i) = -3*i**3 - 10*i**2 - 7*i + 4. Let g(h) = -h**3 - 4*h**2 - 3*h + 1. Let o(k) = 4*g(k) - r(k). What is o(f)?
30
Let r be 8/(-10) + 48*(-2)/(-20). Suppose -56 = r*j - 44. Let b(a) be the third derivative of a**4/24 - a**3/3 + a**2. What is b(j)?
-5
Let a(n) = -n**3 - 22*n**2 - 18*n + 63. Let o be a(-21). Suppose -4*k + 4*v = o, 8*k + 2*v - 4 = 9*k. Let c(y) = y - 4. Calculate c(k).
0
Let u(q) = -3*q**2 - 44 + 126 + 2*q**2 + 3*q - 35 - 40. Determine u(-3).
-11
Let g(q) = 8*q + 62. Let a(b) = -15*b - 113. Let n(z) = -4*a(z) - 7*g(z). Calculate n(12).
66
Let m(u) = -u**2 + u. Let h(c) = -22 + 37 + c + 3*c**2 - 18 - 2*c**2. Let a(n) = h(n) + 2*m(n). Suppose 4*b = -3*v - 5 + 18, -3*b - 3 = -2*v. Calculate a(v).
-3
Suppose -3*x = -3*l - 33, 7 = 2*l + 1. Let z(a) = 7 + x + 7 - 27 + 4*a. Calculate z(-2).
-7
Let d(i) = 6*i + 6*i - 4*i + 41 - 158 + 80. Calculate d(-5).
-77
Suppose 0 = -4*r + 2*r + 4*a + 4, -r = a - 2. Let p be 5 + r + 15/(-5). Let n(v) be the first derivative of v**2/2 + v - 11. Calculate n(p).
5
Let o be (1*-6)/(6/4). Let h(q) = -q**2 - 5*q + 8. Let m be h(-2). Let j be 6/o + 21/m. Let t(y) = -y**2 - y - 3. Determine t(j).
-3
Let s(c) be the second derivative of 7/12*c**4 - 1/2*c**2 + 1/6*c**3 + 0 + 15*c. Let a(t) be the first derivative of s(t). Calculate a(-1).
-13
Let n(t) be the second derivative of t**5/20 + t**4/3 + 7*t**3/6 + 11*t**2/2 - 1226*t. Calculate n(-3).
-1
Let u(r) be the first derivative of r**3/3 + 7*r**2/2 - 4*r + 113. Suppose 8*s = 5*s + 21. Suppose s = 3*m + 31. Calculate u(m).
4
Let r(z) = z**2 - 2*z - 3. Let l(w) = 46*w**3 - 2*w**2 - 6*w. Let j be l(2). Let y = j + -344. Determine r(y).
5
Let u be (1 - 4)*(1 + 2). Let n(g) = -g**2 - 10*g - 5. What is n(u)?
4
Let v(x) = -45*x**3 + 15*x**2 + 11*x - 37. Let k(n) = -17*n**3 + 5*n**2 + 4*n - 12. Let b(f) = -8*k(f) + 3*v(f). Determine b(-5).
-20
Let a(d) be the third derivative of d**4/4 - 83*d**3/3 + 8*d**2 - 107. What is a(25)?
-16
Suppose -55*a + 275 = -31*a + 31*a. Let x(w) be the first derivative of 2*w**3/3 - 3*w**2/2 - w - 3. Give x(a).
34
Let g(q) be the first derivative of 3*q**5/40 - 5*q**4/24 - 44*q**3/3 - 22. Let d(z) be the third derivative of g(z). What is d(5)?
40
Let f(m) = 4*m**2 - 31*m + 65. Let j(u) = -6*u**2 + 46*u - 100. Let q(a) = 8*f(a) + 5*j(a). Determine q(9).
20
Suppose 3*r = -0*r - 3. Let d be -2 - (-8 - -5)/(6/92). Let o(a) = 27*a - 3 + 4 + 19*a - d*a + 5*a**3. Give o(r).
-6
Let k(n) = 17*n - 5. Let a(x) = 5*x - 1. Let l(z) = 7*a(z) - 2*k(z). Let b be (-4)/(-5) - 19/5. Calculate l(b).
0
Let q be 10 + (2 - 3) + -4. Let b be 1/(-7) + q*(-22)/14. Let r(a) be the first derivative of a**4/4 + 8*a**3/3 + 4*a + 1. Give r(b).
4
Suppose m + 2*l - 2 = 0, 0 = -m + 4*l + 10 + 4. Let t(p) = 3*p**2 + 155*p + 31. Let u(r) = -2*r**2 - 92*r - 16. Let y(z) = 3*t(z) + 5*u(z). Give y(m).
7
Let y be (-14)/91 - 168/(-78). Let l be (2 - 2/y)/(5/(-30)). Let w(i) = -i**3 - 5*i**2 + 7*i - 4. Give w(l).
-10
Let f(o) = o**3 - 8*o**2 + 7*o + 2. Let y be f(7). Let h(b) = -108*b. Let q(t) = -59*t. Let r(v) = -5*h(v) + 9*q(v). Determine r(y).
18
Let h(x) = -x**3 + 4*x**2 - 5*x + 4. Let v be h(3). Let r(n) be the second derivative of n**4/4 + n**3/3 + n**2 - 45770*n. Determine r(v).
10
Let a(j) = 5*j - 5*j**2 + 29*j + 36*j + 18*j**2 - 11*j**2 - 59. Calculate a(-36).
13
Let a = -1102 + 1092. Let z(l) = l**2 + 14*l + 10. What is z(a)?
-30
Let r(f) = -58*f + 186. Let i(g) = 921*g - 4602. Let t be i(5). What is r(t)?
12
Suppose -5*p + 10 + 9 = 2*f, 2*p + 3*f - 12 = 0. Let s(m) be the third derivative of 7*m**4/24 + m**3/6 - 41*m**2 - 2. What is s(p)?
22
Let a = -1 - -1. Let s(z) be the second derivative of 1/12*z**4 + 21/2*z**2 - 1/6*z**3 - 237*z + 0. Calculate s(a).
21
Let w(a) = -a**3 + 11*a**2 - 28*a + 39. Suppose -43*o = -194 - 150. What is w(o)?
7
Let c(y) = 10*y - 5. Let u be (-8)/(-10) - (2/(-6) - (-26)/195). Calculate c(u).
5
Let l(y) be the second derivative of -y**4/12 + 2*y**3/3 + 21*y**2/2 + 238*y - 4. What is l(10)?
-39
Let u(h) = 34*h**2 - 48*h + 39*h**2 - 17 + 44*h**2 - 123*h**2. Determine u(-8).
-17
Let b(s) be the first derivative of -3*s**2/2 + s + 2. Let d = 140 + -127. Suppose -3*p + 22 - d = 0. Determine b(p).
-8
Let y(u) = u**2 + u - 3. Let g(j) = 10*j**2 - 2*j - 42. Let r(d) = g(d) - 3*y(d). Determine r(-4).
99
Let n(g) = -21*g. Let h(y) = -y**2 - 3*y + 16. Let b be h(-5). Suppose 5*a = 20, -2*a + b = 3*l + 1. Give n(l).
21
Let d(t) = t**3 - 18*t**2 + 14*t + 5. Let x be (-18144)/(-1064) + (-5 - (-94)/19). Calculate d